6aa9
In base 13, what is -225506 + -4?
-22550a
In base 7, what is 40606 - 20?
40556
In base 6, what is -21444 + 2411?
-15033
In base 14, what is 1d09 - -2?
1d0b
In base 4, what is -11 + -323020?
-323031
In base 14, what is 6 + -907?
-901
In base 9, what is 106 - 12732?
-12625
In base 10, what is -1974 + 1263?
-711
In base 15, what is 3 - 17c2d?
-17c2a
In base 11, what is -2093 + -2?
-2095
In base 12, what is 1535 - 3?
1532
In base 13, what is 1160 - 51?
110c
In base 3, what is -11202 - -1212?
-2220
In base 10, what is -559 + -29?
-588
In base 16, what is -68 + 552?
4ea
In base 9, what is -2 + -46012?
-46014
In base 15, what is -191bd - -1?
-191bc
In base 4, what is -1110 + -3011223?
-3012333
In base 2, what is -1010101000100 - 1001111?
-1010110010011
In base 2, what is 11010110000110111000001 - 101?
11010110000110110111100
In base 16, what is 4a0 - -b?
4ab
In base 4, what is -120321 + -12?
-120333
In base 11, what is 30 + -236?
-206
In base 9, what is 3 + -146023?
-146020
In base 10, what is 4 + -17502?
-17498
In base 9, what is -123 - -232?
108
In base 4, what is -20 + -13320313?
-13320333
In base 11, what is -1a + 5601?
5592
In base 13, what is -13 - 65021?
-65034
In base 3, what is -2 - 111010201220?
-111010201222
In base 16, what is a3 + 5?
a8
In base 3, what is 12 - 2020121222?
-2020121210
In base 12, what is 28 + -1598?
-1570
In base 9, what is -60 + 67?
7
In base 5, what is 3134 - -12?
3201
In base 16, what is -211 - 1?
-212
In base 16, what is c9 + 4b?
114
In base 9, what is -37 + -53864?
-54012
In base 5, what is -1334341 - -3?
-1334333
In base 15, what is -10 + -54382?
-54392
In base 9, what is 108318 + 0?
108318
In base 4, what is 1221301020 + -1?
1221301013
In base 3, what is 10101100 + 1212?
10110012
In base 8, what is -3 - 1026175?
-1026200
In base 13, what is 19 + -53cc?
-53b3
In base 16, what is 29f + 899?
b38
In base 10, what is 1 - -284862?
284863
In base 10, what is 746 - 41?
705
In base 3, what is -12201 - 100112?
-120020
In base 5, what is -103041 - 1313?
-104404
In base 5, what is 10 - 120441441?
-120441431
In base 4, what is 11 - -211301?
211312
In base 16, what is 4f30 - -1?
4f31
In base 7, what is -262 - -24055?
23463
In base 6, what is -3202 + -24?
-3230
In base 5, what is -22313211 - 3?
-22313214
In base 14, what is -15ac + 9?
-15a3
In base 14, what is -8d8 + -3?
-8db
In base 7, what is 1041 + 225?
1266
In base 7, what is 5 - -61036?
61044
In base 8, what is 4154 + -302?
3652
In base 3, what is 10120 + 221022?
1001212
In base 2, what is -111 + -10100100000101001?
-10100100000110000
In base 15, what is edc4b - -6?
edc52
In base 7, what is -111 - -33000?
32556
In base 2, what is 110010 - 10110011001111?
-10110010011101
In base 3, what is -1001121 - 11?
-1001202
In base 3, what is -12 - -22022220202?
22022220120
In base 4, what is 1003 - 1001031?
-1000022
In base 7, what is 14 - 4500?
-4453
In base 3, what is 22001112 + -100?
22001012
In base 3, what is -2011121 + 100?
-2011021
In base 15, what is 9 - -21a3a?
21a44
In base 13, what is -4 - 2c146b?
-2c1472
In base 2, what is -1101100100011010011 - -111?
-1101100100011001100
In base 14, what is d - -1bd55?
1bd64
In base 9, what is 7 + 141763?
141771
In base 11, what is 5 - -3444a?
34454
In base 13, what is 1a167 - -23?
1a18a
In base 14, what is 542c6 - 5?
542c1
In base 14, what is 253 - 1c7?
6a
In base 11, what is 27 - -31313?
3133a
In base 13, what is 1360 - -2c3?
1653
In base 11, what is 3a + 19556?
19595
In base 9, what is 12730 - 1?
12728
In base 8, what is -257 - -7015?
6536
In base 11, what is 2447 - 25?
2422
In base 13, what is 1a + 1b0?
1ca
In base 8, what is 31173 - -25?
31220
In base 5, what is 4430 - 130?
4300
In base 15, what is 1 + -cc99?
-cc98
In base 8, what is -25 + -1153?
-1200
In base 6, what is 21 + 1224540?
1225001
In base 14, what is 1b94ab + 5?
1b94b2
In base 7, what is 12230 + -5?
12222
In base 4, what is -1 + -3020130310?
-3020130311
In base 13, what is 411a1 + -7?
41197
In base 16, what is -e - -2c396?
2c388
In base 14, what is -9 - -13?
8
In base 6, what is 43121 + -21?
43100
In base 11, what is 27452 - -2?
27454
In base 7, what is 63 - -3632?
4025
In base 15, what is -2c - -211?
1d4
In base 10, what is -3 + 47897?
47894
In base 7, what is -1 + 1422465?
1422464
In base 8, what is -1 - 14221?
-14222
In base 3, what is 10 - -2000202120?
2000202200
In base 15, what is 72b64 + 0?
72b64
In base 2, what is 100100 - -1110101000011101?
1110101001000001
In base 7, what is 102 + -163?
-61
In base 15, what is -2 - 4ce8b?
-4ce8d
In base 10, what is -162743 + 2?
-162741
In base 11, what is 2525 + 54?
2579
In base 15, what is 63de + -2?
63dc
In base 14, what is 3a - -b8?
114
In base 15, what is -594 + 2?
-592
In base 2, what is -100100100110000111 + -1101?
-100100100110010100
In base 10, what is -4 + -31378?
-31382
In base 14, what is 2 - -33d7?
33d9
In base 16, what is 141a3 - 3?
141a0
In base 7, what is -1 - -1512153?
1512152
In base 6, what is -5222 - -5?
-5213
In base 9, what is 1061 + -41?
1020
In base 12, what is 3 - -12777b?
127782
In base 2, what is -1110110 + -1011111000?
-1101101110
In base 5, what is -1434 - -120443?
114004
In base 8, what is -74 - 4335?
-4431
In base 11, what is -132a + 167?
-1173
In base 12, what is 272 - -178?
42a
In base 13, what is -972 - 699?
-133b
In base 3, what is -10010002110 - -1?
-10010002102
In base 10, what is 189 - 234?
-45
In base 8, what is -4316 + 34?
-4262
In base 3, what is 122211121 + 12?
122211210
In base 12, what is -b01 + ab9?
-4
In base 15, what is -121e + -43?
-1262
In base 16, what is -4b4 - 3da?
-88e
In base 10, what is 1059115 + -1?
1059114
In base 12, what is 3 + 211bb5?
211bb8
In base 15, what is 1188d0 + 1?
1188d1
In base 11, what is 52 + -3253?
-3201
In base 4, what is -23 - 30311233?
-30311322
In base 13, what is -c48a - 3?
-c490
In base 8, what is -1130 - 503?
-1633
In base 15, what is 2a28 - -a?
2a33
In base 6, what is 10 + -14444?
-14434
In base 14, what is 6c - -32c1?
334d
In base 10, what is 505 - 3?
502
In base 9, what is -326361 + -18?
-326380
In base 8, what is 7056 - 2?
7054
In base 8, what is -4 - -625521?
625515
In base 6, what is -10 - -1344412?
1344402
In base 4, what is 10 + 100232230?
100232300
In base 4, what is 1 - 3101011?
-3101010
In base 13, what is -19268 - -3?
-19265
In base 11, what is 224 + 1745?
1969
In base 4, what is 10 + -100131101?
-100131031
In base 11, what is -33 + 94?
61
In base 13, what is -9 - -a29c?
a293
In base 15, what is c - 2629?
-261c
In base 7, what is -6 + 41631?
41622
In base 3, what is -10222 - 2101112?
-2112111
In base 9, what is 14 + -2032?
-2017
In base 14, what is -30d104 - -3?
-30d101
In base 4, what is -310230 + -3?
-310233
In base 14, what is -4 + 147da7?
147da3
In base 13, what is -2 - -b773?
b771
In base 3, what is -1202 + -11012010?
-11020212
In base 10, what is 1546 + 1831?
3377
In base 4, what is 10 - 303023000?
-303022330
In base 11, what is 101 + 43?
144
In base 13, what is -b + -262?
-270
In base 8, what is -36 - -326?
270
In base 14, what is -533138 + 3?
-533135
In base 15, what is -1a7 - -1bd5?
1a2d
In base 9, what is 86 + 683?
780
In base 10, what is 4721 - 102?
4619
In base 6, what is 3142515 + -1?
3142514
In base 4, what is 11 + -211011202?
-211011131
In base 7, what is -5244300 + -2?
-5244302
In base 4, what is 302331 - -1230?
310221
In base 10, what is -2791 - 1065?
-3856
In base 10, what is 507 - 2415?
-1908
In base 7, what is -2 - 1151306?
-1151311
In base 7, what is -3 + 1010464?
1010461
In base 2, what is -101 - -11010011000001010?
11010011000000101
In base 11, what is 91 - -8a9?
98a
In base 6, what is -13 + -1133423?
-1133440
In base 10, what is -54 + 47?
-7
In base 15, what is 13c6 - 16?
13b0
In base 15, what is 26da8 + 3?
26dab
In base 16, what is -3 - -1ea?
1e7
In base 6, what is 10130 + -20?
10110
In base 5, what is 114 + 300303?
300422
In base 6, what is -3315 - -23?
-3252
In base 12, what is -11 - -162b3?
162a2
In base 11, what is 6 - 8479?
-8473
In base 12, what is b243 - -4?
b247
In base 12, what is -164 + 2bb?
157
In base 5, what is 1112012 + 4?
1112021
In base 13, what is -4 + -39c9?
-3a00
In base 13, what is -218c + 46?
-2146
In base 4, what is -33112 - 3?
-33121
In base 11, what is 65 + -618?
-563
In base 2, wha